t b(u) = -21*u - 29. Let v(z) = -32*z - 43. Let y(g) = -7*b(g) + 5*v(g). Suppose 0 = -3*h + 2*k - 10, 0 = -h - 2*k - 10 - 4. What is the tens digit of y(h)?
6
Let p = 33879 + -4936. What is the units digit of p?
3
Let y(g) = -5*g - 1. Let x be y(-1). Suppose -2*w + 4 = -x*t - 8, 3*w + 5*t + 37 = 0. What is the hundreds digit of (-582)/w + (-57)/38?
1
Let x = -347 + 339. What is the hundreds digit of 24/(-6)*638/x?
3
Let w(z) = 2*z**2 + z - 7. Let t be w(-6). Let f = 99 + t. What is the hundreds digit of f?
1
What is the thousands digit of (-5 - -1)*6/4 - -23541?
3
Let y(o) = o**2 - o - 8. Let v be y(-7). Let b = v + -50. What is the units digit of b*3*4/(-3)?
8
Let g = -2310 - -7019. What is the tens digit of g?
0
Let p = -531 - -7874. What is the hundreds digit of p?
3
Let w(a) be the first derivative of -9*a + 11/2*a**2 + 6*a**3 + 1/4*a**4 + 8. What is the units digit of w(-17)?
3
Suppose -3*f = 3*q + 18, -5*f = 3*q - 0*f + 14. Let h be 183 - (q/(-2))/(-1). What is the units digit of 3/(-2) + h/2?
2
Let s(u) = -u + 3. Let i be s(0). Let d be -3*(-200)/36*i. Suppose l - d = 71. What is the hundreds digit of l?
1
Suppose -43*q = -46*q. Suppose q = -2*j + 2*x + 96, -4*x - x = -j + 56. What is the tens digit of j?
4
Let j(y) = -3*y**3 + 35*y**2 - 5*y - 9. Let t be j(13). What is the hundreds digit of (-3 + (-126)/(-27))/((-2)/t)?
6
Let a be (-1328)/((-11 - -4) + 6). Let r = a - 814. What is the units digit of r?
4
Let l = -10891 - -15359. Suppose 0 = -24*g + 20*g + l. What is the tens digit of g?
1
Suppose a - 5*t = -12 - 20, -2*a - t - 20 = 0. Let b be (a/8 + 2)*150. Let l = 40 + b. What is the hundreds digit of l?
1
Let y(w) = 14*w**2 + 18 + 5*w + 27 + 29 + 24 - 95. Let z = 3 - 5. What is the units digit of y(z)?
9
Let p be -14*(2 - 10/(-4)). Let r = 88 + p. Suppose 6*n = n - r, -2*o + 218 = -4*n. What is the units digit of o?
9
Let z be (-19 + 0)*(4 + -2). Let u(w) = -w**2 + 30*w + 16. Let b be u(29). Let n = b - z. What is the tens digit of n?
8
Let y = -28 + 41. Suppose -1065 = y*q - 8*q. Let p = 340 + q. What is the hundreds digit of p?
1
Suppose -13*w - 29*w = -504. Suppose 4257 = w*i - i. What is the hundreds digit of i?
3
Suppose -5*w - 68 = -w + 4*j, -2*j - 19 = w. Let y be 6/w - (51/(-15) + 1). Suppose 0 = -4*s - y + 86. What is the units digit of s?
1
Suppose 0 = -2*q - 5*c + 2491, 6022 + 133 = 5*q - 2*c. Let k = q - -377. What is the units digit of k?
0
Let n be (-2 - -4)/((-3)/(-81)). Let t = n + -16. What is the tens digit of t?
3
Let d(m) = -12*m - 23. Let k be d(-2). Suppose k + 7 = 2*f, 2*f = -5*y - 417. Let g = y + 165. What is the tens digit of g?
8
Let i(m) = -1121*m - 3736. What is the units digit of i(-49)?
3
Let v(i) = -i**3 + 2*i**2 + 5*i - 4. Let s be v(-9). Suppose -4 = 2*k, -k - s = -3*z + z. What is the tens digit of z?
2
Let q = 9016 - 2641. What is the thousands digit of q?
6
Let x(s) = 7*s + 24*s + 18*s**2 - 19*s**2 - 39. Let w(l) = 10*l + 96. Let y be w(-8). What is the hundreds digit of x(y)?
2
Suppose 148*j - 17*j + 48*j = 6695495. What is the thousands digit of j?
7
Let i be (-22 + 20)*1/2. What is the tens digit of (-562)/(-4)*(1 - 0 - i)?
8
Let k(l) be the third derivative of 11*l**5/20 + l**4/6 - 3*l**3/2 + 30*l**2 + 2. What is the units digit of k(5)?
6
Suppose 18315 = 10*i + 155*i. Suppose -5*a - 49 - 191 = 0. Let m = i + a. What is the tens digit of m?
6
Suppose -20 = -v - 25. What is the units digit of (-5)/(v/4090*5)?
8
Let z be 8 - (3 - 0/3). Suppose 5*q + 2*p = p - 1, -p = 1. Suppose 4*l - 222 = -q*l + z*b, -2*l + 114 = -b. What is the units digit of l?
8
Suppose 20 = -4*x, q - 13*x = -8*x + 8064. What is the thousands digit of q?
8
Suppose 0 = 2*g - 3*m - 280 - 859, 0 = g + 4*m - 575. Let o = 1184 - g. What is the hundreds digit of o?
6
Let n(y) = 50*y - 1. Let q be n(-21). Let m = 1844 + q. What is the units digit of m?
3
Let g(q) = -q**2 - 22*q - 44. Let d be g(-20). What is the tens digit of ((84/9)/d)/((-24)/11736)?
4
Suppose -14 = -m + 4*l, -l - 3 + 1 = -m. Let u be ((-5)/m)/(24/48). Suppose u*z = -13 + 133. What is the units digit of z?
4
Let r(n) be the second derivative of -n**4/12 + 2*n**3 + n**2 + 3*n + 2. Let t be r(12). What is the tens digit of (-12)/(-8) - (t + (-1497)/6)?
4
What is the thousands digit of ((-1384)/(-10))/(3289/(-1650) - -2)?
0
Let z be (6 - 2)/(-8)*-2. Let m be z + (-1926)/(-15) + 6/(-15). What is the units digit of (-1 - -3) + 3 + m?
4
What is the thousands digit of 54/6*455/(-42)*-166?
6
Let t = 103351 + -69850. What is the hundreds digit of t?
5
Suppose 3*f = -7*f + 3*f + 30352. What is the units digit of f?
6
Let c(w) be the second derivative of -3*w**5/10 - w**4/12 + w**3/2 - w**2/2 + 4*w. Let d be c(-2). Let b = d + 12. What is the tens digit of b?
4
Suppose -3*c - 3*v + 50 = 2*v, v - 54 = -5*c. Suppose -1371 = -c*g + 529. What is the hundreds digit of g?
1
Let n(c) = 507*c**2 + 79*c - 11. What is the hundreds digit of n(4)?
4
Suppose -19*t - 104*t + 1077569 = -22*t. What is the tens digit of t?
6
Let f be (10/(-20))/(2 - 65/32). Suppose -3*n = -5*n + f. Suppose -n*c = -827 - 37. What is the tens digit of c?
0
Let c = 3532 + -1396. What is the hundreds digit of c?
1
Suppose -110*g - 35326 = -127*g. What is the tens digit of g?
7
Let v be 2/4*(4 - -8). Suppose -v*i + 2*i + 5*m = -27, -2*m = -3*i + 22. What is the units digit of i/(-2) + (2*124 - -2)?
6
Let b be (-3 - -5) + (-2 - 4/(-2)). Let o(k) = 0 + 2 - 1 - k + k**2 - b. What is the units digit of o(-8)?
1
Let a = 44 - 40. Suppose -2*o + 664 = -5*u, -o + 2*u - a*u + 350 = 0. Suppose -4*i - 3*r = -8*i + o, 4*i = -3*r + 354. What is the tens digit of i?
8
Let x be -333 - (3 + -2 + -1). Let n = 690 + x. What is the hundreds digit of n?
3
Suppose -1455*p = -1408*p - 424269. What is the hundreds digit of p?
0
Suppose 0 = 101*m - 2254876 - 724826. What is the tens digit of m?
0
Let r be (0 + (-1 - -4))*308/(-44). What is the tens digit of -129*28/r + 0?
7
Suppose -4*x + 8*x = 4*b + 688, 182 = x + b. Let a = x - -337. What is the units digit of a?
4
Let f be (165/25)/(1/(15*1)). Let n be (-11)/(f/(-2)) + (-1840)/18. Let r = n - -119. What is the units digit of r?
7
Let a be 30/70 - 11/(-7). Suppose 5 = a*x - x. Suppose 0 = -5*w + 5*f + 205, x*w + f - 3*f - 208 = 0. What is the units digit of w?
2
Suppose -5*b = 60 - 85. What is the tens digit of ((-686)/b)/((-46)/115)?
4
What is the hundreds digit of (5 - 2)/(-11 + 113428/10311)?
4
Suppose 5*n = -5*b - 5, 7*b - 11*b - 1 = n. Suppose b*w - 3*w - 9 = 0, -2*w = -c + 780. What is the units digit of c?
4
What is the ten thousands digit of 63425 + (22 - (15 - 17))?
6
Let h(d) be the first derivative of 12 - 1/2*d**2 + 1/3*d**3 + d. What is the units digit of h(-7)?
7
Let i = 58093 + -35384. What is the thousands digit of i?
2
Let x be (25/2)/(5/30). Suppose -79*l + x*l = 2*d - 124, -4*d + 254 = 5*l. What is the units digit of d?
6
Suppose -6*b - b + 32816 = 0. Let q = b - 3216. What is the hundreds digit of q?
4
Let d(n) = -n + 11. Let p be d(7). Suppose -z = -3*z - p. What is the tens digit of (-1740)/(-16) - z/8?
0
Let g = 392 + -389. Suppose 358 - 1500 = -d - 5*f, -5*d + g*f = -5822. What is the tens digit of d?
6
What is the units digit of (8 - (3 + 11422))/(12/(-72))?
2
Suppose 119638 = 99*n + 14*n - 31*n. What is the hundreds digit of n?
4
What is the units digit of 13188 + (4/(-12))/(10/270)?
9
Let o be (-4256)/(-1) + -3 + -5. Suppose -91*d + o = -82*d. What is the units digit of d?
2
Let i = 1231 - 673. Let k = i + -231. What is the tens digit of k?
2
Suppose 0 = -3*y + 2*n + 40864, -4*y + 15*n + 54508 = 18*n. What is the thousands digit of y?
3
Let q = -5379 - -11954. What is the tens digit of q?
7
Let h = 43401 - -22202. What is the tens digit of h?
0
Suppose -3*f + 127 = 3*w - 5, 3*f + 2*w = 130. Let x = -42 + f. Suppose x = 32*z - 29*z - 474. What is the hundreds digit of z?
1
Suppose -44*l - 108*l + 873240 = 0. What is the thousands digit of l?
5
Let n = -3538 + 6435. What is the thousands digit of n?
2
Suppose -67*o + 219249 - 22961 = -801744. What is the tens digit of o?
9
Let c be (225/10)/3*4/6. What is the units digit of ((-771)/15 + c)*-5?
2
Let y(b) = 391*b + 2. Let g be y(1). Suppose 0 = -5*s + g + 2217. What is the tens digit of s?
2
Suppose -24 =